{"id":7360,"date":"2026-02-11T17:53:28","date_gmt":"2026-02-11T16:53:28","guid":{"rendered":"https:\/\/nature-fineart.com\/vogelfotografie-spanien\/?page_id=7360"},"modified":"2026-02-11T18:05:13","modified_gmt":"2026-02-11T17:05:13","slug":"spiessflughuhn","status":"publish","type":"page","link":"https:\/\/nature-fineart.com\/vogelfotografie-spanien\/spiessflughuhn\/","title":{"rendered":"Spie\u00dfflughuhn fotografieren in Spanien"},"content":{"rendered":"\t\t<div data-elementor-type=\"wp-page\" data-elementor-id=\"7360\" class=\"elementor elementor-7360\">\n\t\t\t\t<div class=\"elementor-element elementor-element-7d82494 e-flex e-con-boxed e-con e-parent\" data-id=\"7d82494\" data-element_type=\"container\" data-e-type=\"container\">\n\t\t\t\t\t<div class=\"e-con-inner\">\n\t\t\r\n\t\t<div class=\"elementor-element elementor-element-3a93620 elementor-widget elementor-widget-html\" data-id=\"3a93620\" data-element_type=\"widget\" data-e-type=\"widget\" data-widget_type=\"html.default\">\n\t\t\t\t<div class=\"elementor-widget-container\">\n\t\t\t\t\t<p>\nDas <strong>Spie\u00dfflughuhn in Spanien zu fotografieren<\/strong> geh\u00f6rt zu den besonderen\nErlebnissen der Steppen- und Vogelfotografie. In den weiten, trockenen Landschaften\nZentralspaniens lassen sich diese perfekt getarnten V\u00f6gel mit Geduld, Ortskenntnis\nund respektvoller Distanz beobachten. Begegnungen mit Spie\u00dfflugh\u00fchnern verbinden\nruhige Naturmomente mit spannender Fotografie in urspr\u00fcnglicher Umgebung.\n<\/p>\t\t\t\t<\/div>\n\t\t\t\t<\/div>\n\t\t\t\t\t<\/div>\n\t\t\t\t<\/div>\n\t\t<div class=\"elementor-element elementor-element-26dc8cc e-flex e-con-boxed e-con e-parent\" data-id=\"26dc8cc\" data-element_type=\"container\" data-e-type=\"container\">\n\t\t\t\t\t<div class=\"e-con-inner\">\n\t\t\t\t<div class=\"elementor-element elementor-element-bfd18fe elementor-widget elementor-widget-image\" data-id=\"bfd18fe\" data-element_type=\"widget\" data-e-type=\"widget\" data-widget_type=\"image.default\">\n\t\t\t\t<div class=\"elementor-widget-container\">\n\t\t\t\t\t\t\t\t\t\t\t\t\t\t\t<img fetchpriority=\"high\" decoding=\"async\" width=\"751\" height=\"501\" src=\"https:\/\/nature-fineart.com\/vogelfotografie-spanien\/wp-content\/uploads\/2026\/02\/Spiessflughuhn-Maennchen.jpg\" class=\"attachment-large size-large wp-image-7362\" alt=\"\" srcset=\"https:\/\/nature-fineart.com\/vogelfotografie-spanien\/wp-content\/uploads\/2026\/02\/Spiessflughuhn-Maennchen.jpg 1024w, https:\/\/nature-fineart.com\/vogelfotografie-spanien\/wp-content\/uploads\/2026\/02\/Spiessflughuhn-Maennchen-600x400.jpg 600w, https:\/\/nature-fineart.com\/vogelfotografie-spanien\/wp-content\/uploads\/2026\/02\/Spiessflughuhn-Maennchen-768x512.jpg 768w\" sizes=\"(max-width: 751px) 100vw, 751px\" \/>\t\t\t\t\t\t\t\t\t\t\t\t\t\t\t<\/div>\n\t\t\t\t<\/div>\n\t\t\t\t\t<\/div>\n\t\t\t\t<\/div>\n\t\t<div class=\"elementor-element elementor-element-b63c72a e-flex e-con-boxed e-con e-parent\" data-id=\"b63c72a\" data-element_type=\"container\" data-e-type=\"container\">\n\t\t\t\t\t<div class=\"e-con-inner\">\n\t\t\t\t<div class=\"elementor-element elementor-element-2647bf3 elementor-widget elementor-widget-html\" data-id=\"2647bf3\" data-element_type=\"widget\" data-e-type=\"widget\" data-widget_type=\"html.default\">\n\t\t\t\t<div class=\"elementor-widget-container\">\n\t\t\t\t\t<h2>Das Spie\u00dfflughuhn kurz vorgestellt<\/h2>\n<p>\nSpie\u00dfflugh\u00fchner sind hervorragend an trockene Lebensr\u00e4ume angepasst und fallen vor\nallem durch ihren schnellen, geradlinigen Flug sowie ihr unauff\u00e4lliges Tarngefieder auf.\nOft werden sie erst sichtbar, wenn sie sich zu Wasserstellen bewegen oder in kleinen\nGruppen \u00fcber die offene Steppe ziehen.\n<\/p>\t\t\t\t<\/div>\n\t\t\t\t<\/div>\n\t\t\t\t\t<\/div>\n\t\t\t\t<\/div>\n\t\t<div class=\"elementor-element elementor-element-9f73641 e-flex e-con-boxed e-con e-parent\" data-id=\"9f73641\" data-element_type=\"container\" data-e-type=\"container\">\n\t\t\t\t\t<div class=\"e-con-inner\">\n\t\t<div class=\"elementor-element elementor-element-0f7fba6 e-con-full e-flex e-con e-child\" data-id=\"0f7fba6\" data-element_type=\"container\" data-e-type=\"container\">\n\t\t\t\t<div class=\"elementor-element elementor-element-5e4dadf elementor-widget elementor-widget-image\" data-id=\"5e4dadf\" data-element_type=\"widget\" data-e-type=\"widget\" data-widget_type=\"image.default\">\n\t\t\t\t<div class=\"elementor-widget-container\">\n\t\t\t\t\t\t\t\t\t\t\t\t\t\t\t<img decoding=\"async\" width=\"751\" height=\"1001\" src=\"https:\/\/nature-fineart.com\/vogelfotografie-spanien\/wp-content\/uploads\/2026\/02\/Spiessflughuhn-Portrait.jpg\" class=\"attachment-large size-large wp-image-7363\" alt=\"\" srcset=\"https:\/\/nature-fineart.com\/vogelfotografie-spanien\/wp-content\/uploads\/2026\/02\/Spiessflughuhn-Portrait.jpg 768w, https:\/\/nature-fineart.com\/vogelfotografie-spanien\/wp-content\/uploads\/2026\/02\/Spiessflughuhn-Portrait-450x600.jpg 450w\" sizes=\"(max-width: 751px) 100vw, 751px\" \/>\t\t\t\t\t\t\t\t\t\t\t\t\t\t\t<\/div>\n\t\t\t\t<\/div>\n\t\t\t\t<\/div>\n\t\t<div class=\"elementor-element elementor-element-6524f9f e-con-full e-flex e-con e-child\" data-id=\"6524f9f\" data-element_type=\"container\" data-e-type=\"container\">\n\t\t\t\t<div class=\"elementor-element elementor-element-ba06aa8 elementor-widget elementor-widget-html\" data-id=\"ba06aa8\" data-element_type=\"widget\" data-e-type=\"widget\" data-widget_type=\"html.default\">\n\t\t\t\t<div class=\"elementor-widget-container\">\n\t\t\t\t\t<h2>Lebensraum und Beobachtung in Spanien<\/h2>\n<p>\nIn Spanien leben Spie\u00dfflugh\u00fchner vor allem in offenen Steppen- und Agrarlandschaften\nmit geringer Vegetation. Erfolgreiche Beobachtungen gelingen meist \u00fcber bekannte\nFlugrouten oder Wasserstellen in den fr\u00fchen Morgenstunden. Besonders eindrucksvoll\nsind die schnellen Anfl\u00fcge der V\u00f6gel im ersten Licht des Tages.\n<\/p>\t\t\t\t<\/div>\n\t\t\t\t<\/div>\n\t\t\t\t<\/div>\n\t\t\t\t\t<\/div>\n\t\t\t\t<\/div>\n\t\t<div class=\"elementor-element elementor-element-91b2b54 e-flex e-con-boxed e-con e-parent\" data-id=\"91b2b54\" data-element_type=\"container\" data-e-type=\"container\">\n\t\t\t\t\t<div class=\"e-con-inner\">\n\t\t\t\t<div class=\"elementor-element elementor-element-14d5d6b elementor-widget elementor-widget-html\" data-id=\"14d5d6b\" data-element_type=\"widget\" data-e-type=\"widget\" data-widget_type=\"html.default\">\n\t\t\t\t<div class=\"elementor-widget-container\">\n\t\t\t\t\t<h2>Beste Zeit zum Spie\u00dfflughuhn fotografieren<\/h2>\n<p>\nDie beste Zeit, um <strong>Spie\u00dfflugh\u00fchner in Spanien zu fotografieren<\/strong>, liegt im\n<strong>Fr\u00fchjahr und Fr\u00fchsommer<\/strong>. Dann sind Aktivit\u00e4t und Lichtbedingungen ideal.\nIn den fr\u00fchen Morgenstunden fliegen die V\u00f6gel regelm\u00e4\u00dfig zu Wasserstellen; kurze,\naber fotografisch sehr intensive Momente mit weichem Licht und ruhiger Atmosph\u00e4re.\n<\/p>\n\t\t\t\t<\/div>\n\t\t\t\t<\/div>\n\t\t\t\t\t<\/div>\n\t\t\t\t<\/div>\n\t\t<div class=\"elementor-element elementor-element-7d91314 e-flex e-con-boxed e-con e-parent\" data-id=\"7d91314\" data-element_type=\"container\" data-e-type=\"container\">\n\t\t\t\t\t<div class=\"e-con-inner\">\n\t\t<div class=\"elementor-element elementor-element-86f73a4 e-con-full e-flex e-con e-child\" data-id=\"86f73a4\" data-element_type=\"container\" data-e-type=\"container\">\n\t\t\t\t<div class=\"elementor-element elementor-element-ce6c64e elementor-widget elementor-widget-html\" data-id=\"ce6c64e\" data-element_type=\"widget\" data-e-type=\"widget\" data-widget_type=\"html.default\">\n\t\t\t\t<div class=\"elementor-widget-container\">\n\t\t\t\t\t<h2>Fototipps f\u00fcr eindrucksvolle Aufnahmen<\/h2>\n<ul>\n  <li>Sehr fr\u00fch vor Sonnenaufgang vor Ort sein<\/li>\n  <li>Niedrige Perspektive f\u00fcr nat\u00fcrliche Bildwirkung w\u00e4hlen<\/li>\n  <li>Kurze Verschlusszeiten f\u00fcr Flugaufnahmen nutzen<\/li>\n  <li>Absolute Ruhe bewahren, die Art reagiert empfindlich auf St\u00f6rungen<\/li>\n<\/ul>\t\t\t\t<\/div>\n\t\t\t\t<\/div>\n\t\t\t\t<\/div>\n\t\t<div class=\"elementor-element elementor-element-494af78 e-con-full e-flex e-con e-child\" data-id=\"494af78\" data-element_type=\"container\" data-e-type=\"container\">\n\t\t\t\t<div class=\"elementor-element elementor-element-84e570c elementor-widget elementor-widget-image\" data-id=\"84e570c\" data-element_type=\"widget\" data-e-type=\"widget\" data-widget_type=\"image.default\">\n\t\t\t\t<div class=\"elementor-widget-container\">\n\t\t\t\t\t\t\t\t\t\t\t\t\t\t\t<img decoding=\"async\" width=\"751\" height=\"1001\" src=\"https:\/\/nature-fineart.com\/vogelfotografie-spanien\/wp-content\/uploads\/2026\/02\/Spiessflughuhn-Schwanzfedern.jpg\" class=\"attachment-large size-large wp-image-7364\" alt=\"\" srcset=\"https:\/\/nature-fineart.com\/vogelfotografie-spanien\/wp-content\/uploads\/2026\/02\/Spiessflughuhn-Schwanzfedern.jpg 768w, https:\/\/nature-fineart.com\/vogelfotografie-spanien\/wp-content\/uploads\/2026\/02\/Spiessflughuhn-Schwanzfedern-450x600.jpg 450w\" sizes=\"(max-width: 751px) 100vw, 751px\" \/>\t\t\t\t\t\t\t\t\t\t\t\t\t\t\t<\/div>\n\t\t\t\t<\/div>\n\t\t\t\t<\/div>\n\t\t\t\t\t<\/div>\n\t\t\t\t<\/div>\n\t\t<div class=\"elementor-element elementor-element-5c59c06 e-flex e-con-boxed e-con e-parent\" data-id=\"5c59c06\" data-element_type=\"container\" data-e-type=\"container\">\n\t\t\t\t\t<div class=\"e-con-inner\">\n\t\t\t\t<div class=\"elementor-element elementor-element-ed65963 elementor-widget elementor-widget-html\" data-id=\"ed65963\" data-element_type=\"widget\" data-e-type=\"widget\" data-widget_type=\"html.default\">\n\t\t\t\t<div class=\"elementor-widget-container\">\n\t\t\t\t\t<h2>Fotoreisen zum Spie\u00dfflughuhn in Spanien<\/h2>\n<p>\nGef\u00fchrte Fotoreisen erm\u00f6glichen den Zugang zu geeigneten Steppengebieten und\nbekannten Beobachtungspl\u00e4tzen. Kleine Gruppen, gute Vorbereitung und ein\nrespektvoller Umgang mit der Natur schaffen optimale Bedingungen f\u00fcr besondere\nBegegnungen mit dem Spie\u00dfflughuhn.\n<\/p>\n\n<p>\n<a href=\"https:\/\/nature-fineart.com\/vogelfotografie-spanien\/reisen\/\">\nMehr Informationen zu aktuellen Fotoreisen in Spanien\n<\/a>\n<\/p>\t\t\t\t<\/div>\n\t\t\t\t<\/div>\n\t\t\t\t\t<\/div>\n\t\t\t\t<\/div>\n\t\t<div class=\"elementor-element elementor-element-68dd42c e-flex e-con-boxed e-con e-parent\" data-id=\"68dd42c\" data-element_type=\"container\" data-e-type=\"container\">\n\t\t\t\t\t<div class=\"e-con-inner\">\n\t\t\t\t<div class=\"elementor-element elementor-element-771b42c elementor-widget elementor-widget-html\" data-id=\"771b42c\" data-element_type=\"widget\" data-e-type=\"widget\" data-widget_type=\"html.default\">\n\t\t\t\t<div class=\"elementor-widget-container\">\n\t\t\t\t\t<h2>Video: Spie\u00dfflugh\u00fchner in Spanien<\/h2>\n\n<div style=\"position:relative;padding-bottom:56.25%;height:0;overflow:hidden;\">\n  <iframe \n    src=\"https:\/\/www.youtube.com\/embed\/qV_zIhHmgp8\"\n    title=\"Spie\u00dfflugh\u00fchner in Spanien \u2013 Steppenfotografie am Morgen\"\n    style=\"position:absolute;top:0;left:0;width:100%;height:100%;\"\n    frameborder=\"0\"\n    allow=\"accelerometer; autoplay; clipboard-write; encrypted-media; gyroscope; picture-in-picture\"\n    allowfullscreen>\n  <\/iframe>\n<\/div>\t\t\t\t<\/div>\n\t\t\t\t<\/div>\n\t\t\t\t\t<\/div>\n\t\t\t\t<\/div>\n\t\t<div class=\"elementor-element elementor-element-d2d7fff e-flex e-con-boxed e-con e-parent\" data-id=\"d2d7fff\" data-element_type=\"container\" data-e-type=\"container\">\n\t\t\t\t\t<div class=\"e-con-inner\">\n\t\t\t\t<div class=\"elementor-element elementor-element-ac4b402 elementor-widget elementor-widget-spacer\" data-id=\"ac4b402\" data-element_type=\"widget\" data-e-type=\"widget\" data-widget_type=\"spacer.default\">\n\t\t\t\t<div class=\"elementor-widget-container\">\n\t\t\t\t\t\t\t<div class=\"elementor-spacer\">\n\t\t\t<div class=\"elementor-spacer-inner\"><\/div>\n\t\t<\/div>\n\t\t\t\t\t\t<\/div>\n\t\t\t\t<\/div>\n\t\t\t\t\t<\/div>\n\t\t\t\t<\/div>\n\t\t<div class=\"elementor-element elementor-element-63c63d4 e-flex e-con-boxed e-con e-parent\" data-id=\"63c63d4\" data-element_type=\"container\" data-e-type=\"container\">\n\t\t\t\t\t<div class=\"e-con-inner\">\n\t\t<div class=\"elementor-element elementor-element-0d110bb e-con-full e-flex e-con e-child\" data-id=\"0d110bb\" data-element_type=\"container\" data-e-type=\"container\">\n\t\t\t\t<div class=\"elementor-element elementor-element-8b1e94e elementor-widget elementor-widget-image\" data-id=\"8b1e94e\" data-element_type=\"widget\" data-e-type=\"widget\" data-widget_type=\"image.default\">\n\t\t\t\t<div class=\"elementor-widget-container\">\n\t\t\t\t\t\t\t\t\t\t\t\t\t\t\t<img loading=\"lazy\" decoding=\"async\" width=\"751\" height=\"501\" src=\"https:\/\/nature-fineart.com\/vogelfotografie-spanien\/wp-content\/uploads\/2026\/02\/Spiessflughuhn-an-der-Wassertraenke.jpg\" class=\"attachment-large size-large wp-image-7365\" alt=\"\" srcset=\"https:\/\/nature-fineart.com\/vogelfotografie-spanien\/wp-content\/uploads\/2026\/02\/Spiessflughuhn-an-der-Wassertraenke.jpg 1024w, https:\/\/nature-fineart.com\/vogelfotografie-spanien\/wp-content\/uploads\/2026\/02\/Spiessflughuhn-an-der-Wassertraenke-600x400.jpg 600w, https:\/\/nature-fineart.com\/vogelfotografie-spanien\/wp-content\/uploads\/2026\/02\/Spiessflughuhn-an-der-Wassertraenke-768x512.jpg 768w\" sizes=\"(max-width: 751px) 100vw, 751px\" \/>\t\t\t\t\t\t\t\t\t\t\t\t\t\t\t<\/div>\n\t\t\t\t<\/div>\n\t\t\t\t<\/div>\n\t\t<div class=\"elementor-element elementor-element-4604425 e-con-full e-flex e-con e-child\" data-id=\"4604425\" data-element_type=\"container\" data-e-type=\"container\">\n\t\t\t\t<div class=\"elementor-element elementor-element-5ae24f7 elementor-widget elementor-widget-html\" data-id=\"5ae24f7\" data-element_type=\"widget\" data-e-type=\"widget\" data-widget_type=\"html.default\">\n\t\t\t\t<div class=\"elementor-widget-container\">\n\t\t\t\t\t<h2>Naturerlebnis und Verantwortung<\/h2>\n<p>\nDie Beobachtung von Spie\u00dfflugh\u00fchnern erfordert Geduld, Erfahrung und einen\nr\u00fccksichtsvollen Umgang mit ihrem Lebensraum. Respektvolle Naturfotografie tr\u00e4gt\ndazu bei, diese faszinierenden V\u00f6gel zu sch\u00fctzen und gleichzeitig authentische\nNaturmomente festzuhalten.\n<\/p>\t\t\t\t<\/div>\n\t\t\t\t<\/div>\n\t\t\t\t<\/div>\n\t\t\t\t\t<\/div>\n\t\t\t\t<\/div>\n\t\t<div class=\"elementor-element elementor-element-98b3199 e-flex e-con-boxed e-con e-parent\" data-id=\"98b3199\" data-element_type=\"container\" data-e-type=\"container\">\n\t\t\t\t\t<div class=\"e-con-inner\">\n\t\t\t\t<div class=\"elementor-element elementor-element-6fc5844 elementor-widget elementor-widget-text-editor\" data-id=\"6fc5844\" data-element_type=\"widget\" data-e-type=\"widget\" data-widget_type=\"text-editor.default\">\n\t\t\t\t<div class=\"elementor-widget-container\">\n\t\t\t\t\t\t\t\t\t<h3>Natur erleben &amp; selbst fotografieren<\/h3><p>M\u00f6chtest du diese besondere Tierart in ihrem nat\u00fcrlichen Lebensraum erleben und fotografieren?<br \/>Auf meinen gef\u00fchrten Fotoreisen in Spanien erwarten dich intensive Naturmomente, kleine Gruppen, sorgf\u00e4ltig ausgew\u00e4hlte Beobachtungsorte und viel Zeit f\u00fcr ruhige, respektvolle Naturfotografie.<\/p><p>Mit lokaler Erfahrung, optimalen Lichtbedingungen und einem klaren Fokus auf Qualit\u00e4t entstehen nicht nur eindrucksvolle Bilder, sondern auch echte Naturerlebnisse, die lange in Erinnerung bleiben.<\/p><p>Schreib mir gern unverbindlich, ich berate dich pers\u00f6nlich zu passenden Reisen und Terminen.<\/p>\t\t\t\t\t\t\t\t<\/div>\n\t\t\t\t<\/div>\n\t\t\t\t\t<\/div>\n\t\t\t\t<\/div>\n\t\t<div class=\"elementor-element elementor-element-9d44a7f e-flex e-con-boxed e-con e-parent\" data-id=\"9d44a7f\" data-element_type=\"container\" data-e-type=\"container\">\n\t\t\t\t\t<div class=\"e-con-inner\">\n\t\t\t\t<div class=\"elementor-element elementor-element-46a51bc elementor-widget elementor-widget-shortcode\" data-id=\"46a51bc\" data-element_type=\"widget\" data-e-type=\"widget\" data-widget_type=\"shortcode.default\">\n\t\t\t\t<div class=\"elementor-widget-container\">\n\t\t\t\t\t\t\t<div class=\"elementor-shortcode\"><style id=\"wpforms-css-vars-5929\">\n\t\t\t\t#wpforms-5929 {\n\t\t\t\t--wpforms-field-border-color: #5E5E5E;\n--wpforms-field-border-color-spare: #5E5E5E;\n--wpforms-field-text-color: #5e5e5e;\n--wpforms-label-color: #5e5e5e;\n--wpforms-label-sublabel-color: #5e5e5e;\n--wpforms-button-background-color: #6e7b4a;\n--wpforms-container-padding: 0px;\n--wpforms-container-border-width: 1px;\n--wpforms-container-border-radius: 3px;\n--wpforms-background-color: rgba(0, 0, 0, 0);\n--wpforms-field-size-input-height: 43px;\n--wpforms-field-size-input-spacing: 15px;\n--wpforms-field-size-font-size: 16px;\n--wpforms-field-size-line-height: 19px;\n--wpforms-field-size-padding-h: 14px;\n--wpforms-field-size-checkbox-size: 16px;\n--wpforms-field-size-sublabel-spacing: 5px;\n--wpforms-field-size-icon-size: 1;\n--wpforms-label-size-font-size: 16px;\n--wpforms-label-size-line-height: 19px;\n--wpforms-label-size-sublabel-font-size: 14px;\n--wpforms-label-size-sublabel-line-height: 17px;\n--wpforms-button-size-font-size: 17px;\n--wpforms-button-size-height: 41px;\n--wpforms-button-size-padding-h: 15px;\n--wpforms-button-size-margin-top: 10px;\n--wpforms-container-shadow-size-box-shadow: none;\n\t\t\t}\n\t\t\t<\/style><div class=\"wpforms-container wpforms-container-full wpforms-render-modern\" id=\"wpforms-5929\"><form id=\"wpforms-form-5929\" class=\"wpforms-validate wpforms-form wpforms-ajax-form\" data-formid=\"5929\" method=\"post\" enctype=\"multipart\/form-data\" action=\"\/vogelfotografie-spanien\/wp-json\/wp\/v2\/pages\/7360\" data-token=\"2d94c5a0a069089a30db67751e723e68\" data-token-time=\"1776422151\"><noscript class=\"wpforms-error-noscript\">Bitte aktiviere JavaScript in deinem Browser, um dieses Formular fertigzustellen.<\/noscript><div id=\"wpforms-error-noscript\" style=\"display: none;\">Bitte aktiviere JavaScript in deinem Browser, um dieses Formular fertigzustellen.<\/div><div class=\"wpforms-field-container\"><div id=\"wpforms-5929-field_1-container\" class=\"wpforms-field wpforms-field-name\" data-field-id=\"1\"><fieldset><legend class=\"wpforms-field-label\">Name <span class=\"wpforms-required-label\" aria-hidden=\"true\">*<\/span><\/legend><div class=\"wpforms-field-row wpforms-field-medium\"><div class=\"wpforms-field-row-block wpforms-first wpforms-one-half\"><input type=\"text\" id=\"wpforms-5929-field_1\" class=\"wpforms-field-name-first wpforms-field-required\" name=\"wpforms[fields][1][first]\" aria-errormessage=\"wpforms-5929-field_1-error\" required><label for=\"wpforms-5929-field_1\" class=\"wpforms-field-sublabel after\">Vorname<\/label><\/div><div class=\"wpforms-field-row-block wpforms-one-half\"><input type=\"text\" id=\"wpforms-5929-field_1-last\" class=\"wpforms-field-name-last wpforms-field-required\" name=\"wpforms[fields][1][last]\" aria-errormessage=\"wpforms-5929-field_1-last-error\" required><label for=\"wpforms-5929-field_1-last\" class=\"wpforms-field-sublabel after\">Nachname<\/label><\/div><\/div><\/fieldset><\/div><div id=\"wpforms-5929-field_2-container\" class=\"wpforms-field wpforms-field-email\" data-field-id=\"2\"><label class=\"wpforms-field-label\" for=\"wpforms-5929-field_2\">E-Mail-Adresse <span class=\"wpforms-required-label\" aria-hidden=\"true\">*<\/span><\/label><input type=\"email\" id=\"wpforms-5929-field_2\" class=\"wpforms-field-medium wpforms-field-required\" name=\"wpforms[fields][2]\" spellcheck=\"false\" aria-errormessage=\"wpforms-5929-field_2-error\" required><\/div>\t\t<div id=\"wpforms-5929-field_4-container\"\n\t\t\tclass=\"wpforms-field wpforms-field-text\"\n\t\t\tdata-field-type=\"text\"\n\t\t\tdata-field-id=\"4\"\n\t\t\t>\n\t\t\t<label class=\"wpforms-field-label\" for=\"wpforms-5929-field_4\" >oder Name Nachricht<\/label>\n\t\t\t<input type=\"text\" id=\"wpforms-5929-field_4\" class=\"wpforms-field-medium\" name=\"wpforms[fields][4]\" >\n\t\t<\/div>\n\t\t<div id=\"wpforms-5929-field_3-container\" class=\"wpforms-field wpforms-field-textarea\" data-field-id=\"3\"><label class=\"wpforms-field-label\" for=\"wpforms-5929-field_3\">Kommentar oder Nachricht<\/label><textarea id=\"wpforms-5929-field_3\" class=\"wpforms-field-medium\" name=\"wpforms[fields][3]\" aria-errormessage=\"wpforms-5929-field_3-error\" ><\/textarea><\/div><script>\n\t\t\t\t( function() {\n\t\t\t\t\tconst style = document.createElement( 'style' );\n\t\t\t\t\tstyle.appendChild( document.createTextNode( '#wpforms-5929-field_4-container { position: absolute !important; overflow: hidden !important; display: inline !important; height: 1px !important; width: 1px !important; z-index: -1000 !important; padding: 0 !important; } #wpforms-5929-field_4-container input { visibility: hidden; } #wpforms-conversational-form-page #wpforms-5929-field_4-container label { counter-increment: none; }' ) );\n\t\t\t\t\tdocument.head.appendChild( style );\n\t\t\t\t\tdocument.currentScript?.remove();\n\t\t\t\t} )();\n\t\t\t<\/script><\/div><!-- .wpforms-field-container --><div class=\"wpforms-submit-container\" ><input type=\"hidden\" name=\"wpforms[id]\" value=\"5929\"><input type=\"hidden\" name=\"page_title\" value=\"\"><input type=\"hidden\" name=\"page_url\" value=\"https:\/\/nature-fineart.com\/vogelfotografie-spanien\/wp-json\/wp\/v2\/pages\/7360\"><input type=\"hidden\" name=\"url_referer\" value=\"\"><button type=\"submit\" name=\"wpforms[submit]\" id=\"wpforms-submit-5929\" class=\"wpforms-submit\" data-alt-text=\"Wird gesendet\u00a0\u2026\" data-submit-text=\"Anfrage senden\" aria-live=\"assertive\" value=\"wpforms-submit\">Anfrage senden<\/button><img loading=\"lazy\" decoding=\"async\" src=\"https:\/\/nature-fineart.com\/vogelfotografie-spanien\/wp-content\/plugins\/wpforms-lite\/assets\/images\/submit-spin.svg\" class=\"wpforms-submit-spinner\" style=\"display: none;\" width=\"26\" height=\"26\" alt=\"Wird geladen\"><\/div><\/form><\/div>  <!-- .wpforms-container --><\/div>\n\t\t\t\t\t\t<\/div>\n\t\t\t\t<\/div>\n\t\t\t\t\t<\/div>\n\t\t\t\t<\/div>\n\t\t\t\t<\/div>\n\t\t","protected":false},"excerpt":{"rendered":"<p>Das Spie\u00dfflughuhn in Spanien zu fotografieren geh\u00f6rt zu den besonderen Erlebnissen der Steppen- und Vogelfotografie. In den weiten, trockenen Landschaften Zentralspaniens lassen sich diese perfekt getarnten V\u00f6gel mit Geduld, Ortskenntnis und respektvoller Distanz beobachten. Begegnungen mit Spie\u00dfflugh\u00fchnern verbinden ruhige Naturmomente mit spannender Fotografie in urspr\u00fcnglicher Umgebung. Das Spie\u00dfflughuhn kurz vorgestellt Spie\u00dfflugh\u00fchner sind hervorragend an trockene&#8230;<\/p>\n","protected":false},"author":2,"featured_media":0,"parent":0,"menu_order":0,"comment_status":"closed","ping_status":"closed","template":"","meta":{"footnotes":""},"class_list":["post-7360","page","type-page","status-publish","hentry"],"_links":{"self":[{"href":"https:\/\/nature-fineart.com\/vogelfotografie-spanien\/wp-json\/wp\/v2\/pages\/7360","targetHints":{"allow":["GET"]}}],"collection":[{"href":"https:\/\/nature-fineart.com\/vogelfotografie-spanien\/wp-json\/wp\/v2\/pages"}],"about":[{"href":"https:\/\/nature-fineart.com\/vogelfotografie-spanien\/wp-json\/wp\/v2\/types\/page"}],"author":[{"embeddable":true,"href":"https:\/\/nature-fineart.com\/vogelfotografie-spanien\/wp-json\/wp\/v2\/users\/2"}],"replies":[{"embeddable":true,"href":"https:\/\/nature-fineart.com\/vogelfotografie-spanien\/wp-json\/wp\/v2\/comments?post=7360"}],"version-history":[{"count":4,"href":"https:\/\/nature-fineart.com\/vogelfotografie-spanien\/wp-json\/wp\/v2\/pages\/7360\/revisions"}],"predecessor-version":[{"id":7368,"href":"https:\/\/nature-fineart.com\/vogelfotografie-spanien\/wp-json\/wp\/v2\/pages\/7360\/revisions\/7368"}],"wp:attachment":[{"href":"https:\/\/nature-fineart.com\/vogelfotografie-spanien\/wp-json\/wp\/v2\/media?parent=7360"}],"curies":[{"name":"wp","href":"https:\/\/api.w.org\/{rel}","templated":true}]}}